s of v?
2, 3
Suppose m + 7 = -4*d, 2*m - 54 = 5*d - 16. Let j = m + -2. What are the prime factors of j?
7
Let o = 182 - 14. List the prime factors of o.
2, 3, 7
Suppose -3*v + 0 = -9. Suppose 31 = v*s + 4. List the prime factors of s.
3
Let h be (18/(-8))/(6/(-80)). Suppose m + 2*g + 6 = -m, -5*m + 4*g + h = 0. Suppose 1 - 29 = -m*i. List the prime factors of i.
2, 7
Let c(h) = -h**3 + 8*h**2 + 7. Let p(g) = -g. Suppose 3*f = -5*r - 52, 2*f + 2*f = -16. Let k be p(r). What are the prime factors of c(k)?
7
Let w = 0 - 0. Suppose 2*z - 3*t - 18 - 4 = 0, w = 2*z - 2*t - 26. Suppose -23 = -5*d + z. What are the prime factors of d?
2
Let b = 4 + -2. Suppose 5*h - r - 60 = 2*r, 4*r + b = -2*h. Let n = h - 6. What are the prime factors of n?
3
Let r = -1 - 1. What are the prime factors of 1/(-2) - 11/r?
5
Let h(z) = 37 - 6*z - 37. Suppose 0 = 4*u - 0*u + 2*g + 8, -3*g = 0. List the prime factors of h(u).
2, 3
Suppose -4*l = -5*l + 15. Suppose -4*u - l - 1 = 0. Let s = u - -7. What are the prime factors of s?
3
Let m(t) = t + 6. Let w be m(0). Suppose 3*q = -0*q + w. Suppose 0*b + 3*b = -q*n + 26, -n = -2*b + 29. What are the prime factors of b?
2, 3
Let t = -8 - -14. Suppose -3*b = 2*k - 4, t*b + 3*k = 4*b + 1. Suppose -7*y + 3*h = -b*y - 12, 0 = -y + 2*h + 1. List the prime factors of y.
3
Suppose -94 = 4*b + 114. Let m = -28 - b. Suppose -2*j = -0*j - m. List the prime factors of j.
2, 3
Let o(h) = -h**3 - 6*h**2 - h - 6. Let p be o(-6). Suppose 0 = 5*v - 17 - 3. Suppose -u - v*u + 35 = p. What are the prime factors of u?
7
Suppose -3 - 6 = -3*h. Suppose -h*d = 4*g + d - 48, 2*g - 2*d - 20 = 0. List the prime factors of g.
11
List the prime factors of (4*1)/(4/122) + -3.
7, 17
Let y(k) = 32*k - 2. Let p be y(1). Suppose -4*f = -18 - p. List the prime factors of f.
2, 3
List the prime factors of 1/3 - 558/(-27).
3, 7
Let s(h) = h**3 - 2*h**2 + 5*h - 4. Let n = -4 + 7. Let j be s(n). Suppose i - 6 = -2, -x + j = 2*i. What are the prime factors of x?
2, 3
Let t be 6/15 + 54/15. Suppose 0*c - 2*c + 5*w = 35, 3*c + 3*w = 0. List the prime factors of -2 - 5/(c/t).
2
Let l = 2 + 3. Let w(o) = o**2 - 3*o - 6. What are the prime factors of w(l)?
2
Suppose t = -t + n - 17, n = 3*t + 28. Let v = -7 - t. List the prime factors of v.
2
Suppose 0*l = l - 98. What are the prime factors of l?
2, 7
Suppose -2*r = -4*c - 6*r, 4*c + 5*r = 0. Suppose 5*u + 5*k - 130 = c, -u + 4*k - 62 = -3*u. List the prime factors of u.
3, 7
Suppose -4*y - 23 + 7 = 0. Let s(i) = -i**2 + 6*i - 4. Let t be s(5). Let k = t - y. What are the prime factors of k?
5
Let t be (18/(-4))/((-15)/(-20)). Let f = 1 - t. What are the prime factors of f?
7
Suppose 2*w + 3 - 17 = 0. Suppose -4*k + 26 = -5*u, -w - 11 = -4*k + u. Let i = k - 0. List the prime factors of i.
2
Let b = 19 - 21. List the prime factors of b/3 - 40/(-6).
2, 3
Suppose -n - 2*v - 6 = 0, 0*v + 2*v + 12 = 2*n. Suppose -n*c - 2*a = -2, 2*a + 10 = c - 0*c. Suppose -5*z + 2 = -c*z. List the prime factors of z.
2
Let z(q) = 3*q + 1. Let i be z(1). Let p = 0 - i. Let j(x) = x**3 + 5*x**2 + x + 2. What are the prime factors of j(p)?
2, 7
Suppose 7*j - 34 = -k + 10*j, -2*k + 5*j = -67. What are the prime factors of k?
31
Suppose -4*s = -3*s - 6. List the prime factors of s.
2, 3
Let z be (1 + -3 - -2)/1. Suppose j - 6*j + 75 = z. Let n = -3 + j. What are the prime factors of n?
2, 3
Suppose 1 = l - 1. Suppose -2 = y, q - 3 + 1 = -l*y. List the prime factors of q.
2, 3
Suppose 3 = 3*l - 3*s, 2*l - 7 = -l + 2*s. Let k = -3 + 3. Suppose k = -5*g - 5*v + 40, 0 = 5*g - 2*g - l*v + 8. What are the prime factors of g?
2
Let o(z) = -3*z + 4. Let u be o(3). Let l(v) = -3*v - 7. What are the prime factors of l(u)?
2
Let o(p) = -5*p - 1 + 2 + 1. What are the prime factors of o(-5)?
3
Suppose -3*i + 56 = -i. What are the prime factors of (-7 - i)*9/(-15)?
3, 7
Let f(z) = 7*z + 6. Let n(g) = -g - 1. Let k(a) = -f(a) - 5*n(a). Let y be k(2). Let w = 7 + y. List the prime factors of w.
2
Let j be 0*(-2 + (1 - -2)). Suppose j = 2*i - 2 - 24. List the prime factors of i.
13
Suppose -5*f - 5 = -5*t, -f + 3 = -4*f. Let g(c) = -1 - c**3 + 0 - c + 14. List the prime factors of g(t).
13
Suppose 0 = 6*q - 5*q + 37. Let c = q - -54. List the prime factors of c.
17
Suppose -16*h + 1125 = -7*h. List the prime factors of h.
5
Let u = 23 + -18. Suppose -u*f + 65 = -20. List the prime factors of f.
17
Let y = -5 + 10. Suppose -j - 2*r = -7*r - 23, -y*r - 135 = -5*j. List the prime factors of j.
2, 7
Suppose 112 = i - 2*l, -4*l = 5*i - 0*l - 518. What are the prime factors of i?
2, 53
Suppose 6*x - 9*x + g + 97 = 0, 2*g = -3*x + 94. List the prime factors of x.
2
Let p(b) = b**2 + b - 1. What are the prime factors of p(6)?
41
Let z(g) = -2*g**2 + 17*g - 13. Let u(l) = -3*l**2 + 25*l - 19. Let y(a) = -5*u(a) + 7*z(a). Let m be y(5). List the prime factors of (17 - m)*2/3.
2, 3
Let k = 26 + -8. Let z = 3 + k. What are the prime factors of z?
3, 7
Let n = -20 - -95. What are the prime factors of n?
3, 5
Let y(x) = -27*x**3 - 2*x**2 - x. List the prime factors of y(-1).
2, 13
Let f(z) = -z**2 + 4*z + 294. What are the prime factors of f(0)?
2, 3, 7
Let k(x) = -x**2 + 21*x - 32. What are the prime factors of k(7)?
2, 3, 11
Let z = 107 + -76. What are the prime factors of z?
31
Let l(t) = t**3 + 6*t**2 + t + 6. Let y be l(-6). Let i = y - -18. List the prime factors of i.
2, 3
Let a be (-16)/(-72) + 2/(-9). What are the prime factors of (-6)/(-2 - 0) - a?
3
Suppose 2*x + 8 = u + 4*x, 0 = -3*x + 9. Suppose 3*k - 206 = -2*k + u*p, -5*k - 4*p + 188 = 0. What are the prime factors of k?
2, 5
Suppose -3*z - 1 = -16. What are the prime factors of z?
5
Suppose 12 = 4*r - 3*p, 6*p + 20 = 3*r + p. Suppose 2*v + r = 10. What are the prime factors of v?
5
Suppose 4*s - 2*s = 62. What are the prime factors of s?
31
Let r(o) = 7*o**3 - 6*o**2 + 2*o - 11. Let x(k) = k**3 - 1. Let z(d) = r(d) - 6*x(d). List the prime factors of z(6).
7
What are the prime factors of (-69)/(-3) + (0 - 4)?
19
Let q(j) = -j - 4 + 0*j**3 + j**3 - 7*j**2 + 6*j. Let t be q(6). Let z = t + 16. List the prime factors of z.
2, 3
Let p(u) = -u**3 + 7*u**2 + 8*u + 10. What are the prime factors of p(7)?
2, 3, 11
Let f = 21 + 10. List the prime factors of f.
31
Let t = -59 - -101. List the prime factors of t.
2, 3, 7
Let t = -4 + 7. Suppose -2*n + t*u + 1 = -6, -5*u = -n. List the prime factors of n.
5
Let r(f) = -f**3 - 5*f**2 + 4*f - 6. Let h be r(-6). Suppose -h = 2*u + 5*m - 0*m, m = 3*u - 8. List the prime factors of 57/11 + u/(-11).
5
Let p = -74 - -146. What are the prime factors of p?
2, 3
Let d = -177 - -217. List the prime factors of d.
2, 5
Suppose 3*g - 11 = 13. What are the prime factors of g?
2
Suppose -m = 3*a - 25, 8*a = -2*m + 3*a + 47. Suppose -3*o + m = -29. What are the prime factors of o?
3, 5
Let h = 128 + -112. Let a(w) = w**3 - 4*w**2 + w - 1. Let p be a(4). Suppose -p*c = -m - h + 41, 2*m + 2*c = 10. What are the prime factors of m?
2, 5
Suppose -3*z - 66 = -0*z. Let b = -13 - -50. Let k = z + b. List the prime factors of k.
3, 5
Let k = 10 + -40. Let y = 63 + k. List the prime factors of y.
3, 11
What are the prime factors of (-4 + 229)*(-18)/(-15)?
2, 3, 5
Let j = 19 - -5. Suppose -2*a - a - j = 0. List the prime factors of a/28 + 23/7.
3
Let t(y) = -4*y + 1. Let g(f) = -f - 1. Let l(m) = 5*g(m) - t(m). Suppose 36 = -w - 3*w. List the prime factors of l(w).
3
Suppose 5*t = 3*m + 358, -2*t + 75 = -m - 69. Let p = t + -26. What are the prime factors of p?
2, 3
Suppose 0*r - 288 = -3*r. List the prime factors of r.
2, 3
Suppose 30 = 3*l + p, -4*l - 3*p + 61 = 21. Suppose 0 = 5*h + 3 + 12. What are the prime factors of 1*(4 + h)*l?
2, 5
Let r(o) = -21*o**3 - o**2. Let z = 3 + -4. What are the prime factors of r(z)?
2, 5
Suppose 4*l - 5 = 3*l. Let t(x) = -x**3 + 6*x**2 + 2*x - 2. What are the prime factors of t(l)?
3, 11
Let x = 27 - -13. List the prime factors of x.
2, 5
Let s = 538 + -323. What are the prime factors of s?
5, 43
Let m = -3 - -3. List the prime factors of -3 + 17 + m/(-1).
2, 7
Let r = 190 - 123. Suppose 23 - r = 4*a. What are the prime factors of a/(-1 - 0/2)?
11
Let g be (3 - 1)/(4/6). Suppose -5*y - 7 - 12 = s, -g*y - 2*s = 17. What are the prime factors of y + 1 - (